{"id":75,"date":"2023-02-17T16:57:11","date_gmt":"2023-02-17T15:57:11","guid":{"rendered":"https:\/\/www.safeandlearncheck.de\/shop\/?post_type=product&#038;p=75"},"modified":"2023-02-28T00:41:07","modified_gmt":"2023-02-27T23:41:07","slug":"schulbegleitung","status":"publish","type":"product","link":"https:\/\/www.safeandlearncheck.de\/shop\/produkt\/schulbegleitung\/","title":{"rendered":"Schulbegleitung"},"content":{"rendered":"<p>Dieser Fern Lehrgang besteht aus vier Modulen. Diese widmen sich den f\u00fcnf gro\u00dfen Themenbereichen, die Sie auf Ihrer Arbeit begleiten werden: Erziehung, Kommunikation, Lernen, St\u00f6rungsbilder und die Arbeit als Inklusionsfachkraft \/ Schulbegleitung<\/p>\n<p>Die Indikationen f\u00fcr eine Schulbegleitung sind so vielf\u00e4ltig wie das Leben. Aus diesem Grund beinhaltet dieser Kurs viele wichtige Schwerpunkte die ihnen in ihrem Alltag begegnen k\u00f6nnen.<\/p>\n<p>Umgang mit: Arbeitsfelder einer Schulbegleitung, Rechtliche Grundlagen, Zusammenarbeit mit Eltern und Schule, Umgang mit Aggressionen, Gewaltfreie Kommunikation, Verhaltensmodifikation in der Schule, Selbstinstruktionen, Bedeutung von Lob, Entwicklungspsychologie, Wahrnehmung, Lerntechniken und Lerntypen, Lernmodelle, St\u00f6rungsbilder und F\u00f6rderschwerpunkte.<\/p>\n<p>Abgerundet wird dieser Lehrgang mit vielen \u00dcbungsmaterialien und Praxisanleitungen f\u00fcr einen guten Start in diese T\u00e4tigkeit.<\/p>\n","protected":false},"excerpt":{"rendered":"<p>Dieser Fern Lehrgang besteht aus vier Modulen. Diese widmen sich den f\u00fcnf gro\u00dfen Themenbereichen, die Sie auf Ihrer Arbeit begleiten werden: Erziehung, Kommunikation, Lernen, St\u00f6rungsbilder und die Arbeit als Inklusionsfachkraft \/ Schulbegleitung Die Indikationen f\u00fcr eine Schulbegleitung sind so vielf\u00e4ltig wie das Leben. Aus diesem Grund beinhaltet dieser Kurs viele wichtige Schwerpunkte die ihnen in [&hellip;]<\/p>\n","protected":false},"featured_media":111,"comment_status":"open","ping_status":"closed","template":"","meta":[],"product_cat":[17],"product_tag":[],"class_list":["post-75","product","type-product","status-publish","has-post-thumbnail","hentry","product_cat-lehrgaenge-trainee"],"_links":{"self":[{"href":"https:\/\/www.safeandlearncheck.de\/shop\/wp-json\/wp\/v2\/product\/75","targetHints":{"allow":["GET"]}}],"collection":[{"href":"https:\/\/www.safeandlearncheck.de\/shop\/wp-json\/wp\/v2\/product"}],"about":[{"href":"https:\/\/www.safeandlearncheck.de\/shop\/wp-json\/wp\/v2\/types\/product"}],"replies":[{"embeddable":true,"href":"https:\/\/www.safeandlearncheck.de\/shop\/wp-json\/wp\/v2\/comments?post=75"}],"wp:featuredmedia":[{"embeddable":true,"href":"https:\/\/www.safeandlearncheck.de\/shop\/wp-json\/wp\/v2\/media\/111"}],"wp:attachment":[{"href":"https:\/\/www.safeandlearncheck.de\/shop\/wp-json\/wp\/v2\/media?parent=75"}],"wp:term":[{"taxonomy":"product_cat","embeddable":true,"href":"https:\/\/www.safeandlearncheck.de\/shop\/wp-json\/wp\/v2\/product_cat?post=75"},{"taxonomy":"product_tag","embeddable":true,"href":"https:\/\/www.safeandlearncheck.de\/shop\/wp-json\/wp\/v2\/product_tag?post=75"}],"curies":[{"name":"wp","href":"https:\/\/api.w.org\/{rel}","templated":true}]}}