{"id":43,"date":"2023-02-05T22:30:52","date_gmt":"2023-02-05T21:30:52","guid":{"rendered":"https:\/\/www.safeandlearncheck.de\/shop\/?post_type=product&#038;p=43"},"modified":"2023-02-28T00:37:30","modified_gmt":"2023-02-27T23:37:30","slug":"zertifizierte-r-lerntrainer-in","status":"publish","type":"product","link":"https:\/\/www.safeandlearncheck.de\/shop\/produkt\/zertifizierte-r-lerntrainer-in\/","title":{"rendered":"Zertifizierte\/r Lerntrainer\/in"},"content":{"rendered":"<p>Dieser Fernlehrgang eignet sich hervorragend f\u00fcr Menschen die beruflich mit Kindern arbeiten<\/p>\n<p>Er ist in folgende Schwerpunkte unterteilt:<\/p>\n<ol type=\"1\">\n<li>Gehirn, Ged\u00e4chtnis und die Grundlagen des Lernens<\/li>\n<li>wenn das Lesen und Schreiben schwierig ist<\/li>\n<li>Rechnen will gelernt sein<\/li>\n<li>AD(H)S und das Lernen<\/li>\n<li>Hochbegabte lernen anders<\/li>\n<li>Kinder mit Autismus Spektrum St\u00f6rungen<\/li>\n<\/ol>\n<p>&nbsp;<\/p>\n<p>Sehr umfangreiches Material mit ausgezeichnetem \u00dcbungsmaterial f\u00fcr Anamnese und Schwerpunkt\u00fcbungen f\u00fcr alle Altersstufen. Praxisanleitungen und Zusammenarbeit mit Eltern und Schule kommen auch nicht zu kurz. Neben den fachlichen Kompetenzen erlernt man in diesem Lehrgang auch n\u00fctzliche Strategien und Lernmethoden f\u00fcr die Arbeit in der Klasse oder der eigenen Praxis.<\/p>\n","protected":false},"excerpt":{"rendered":"<p>Dieser Fernlehrgang eignet sich hervorragend f\u00fcr Menschen die beruflich mit Kindern arbeiten Er ist in folgende Schwerpunkte unterteilt: Gehirn, Ged\u00e4chtnis und die Grundlagen des Lernens wenn das Lesen und Schreiben schwierig ist Rechnen will gelernt sein AD(H)S und das Lernen Hochbegabte lernen anders Kinder mit Autismus Spektrum St\u00f6rungen &nbsp; Sehr umfangreiches Material mit ausgezeichnetem \u00dcbungsmaterial [&hellip;]<\/p>\n","protected":false},"featured_media":44,"comment_status":"open","ping_status":"closed","template":"","meta":[],"product_cat":[17],"product_tag":[],"class_list":["post-43","product","type-product","status-publish","has-post-thumbnail","hentry","product_cat-lehrgaenge-trainee"],"_links":{"self":[{"href":"https:\/\/www.safeandlearncheck.de\/shop\/wp-json\/wp\/v2\/product\/43","targetHints":{"allow":["GET"]}}],"collection":[{"href":"https:\/\/www.safeandlearncheck.de\/shop\/wp-json\/wp\/v2\/product"}],"about":[{"href":"https:\/\/www.safeandlearncheck.de\/shop\/wp-json\/wp\/v2\/types\/product"}],"replies":[{"embeddable":true,"href":"https:\/\/www.safeandlearncheck.de\/shop\/wp-json\/wp\/v2\/comments?post=43"}],"wp:featuredmedia":[{"embeddable":true,"href":"https:\/\/www.safeandlearncheck.de\/shop\/wp-json\/wp\/v2\/media\/44"}],"wp:attachment":[{"href":"https:\/\/www.safeandlearncheck.de\/shop\/wp-json\/wp\/v2\/media?parent=43"}],"wp:term":[{"taxonomy":"product_cat","embeddable":true,"href":"https:\/\/www.safeandlearncheck.de\/shop\/wp-json\/wp\/v2\/product_cat?post=43"},{"taxonomy":"product_tag","embeddable":true,"href":"https:\/\/www.safeandlearncheck.de\/shop\/wp-json\/wp\/v2\/product_tag?post=43"}],"curies":[{"name":"wp","href":"https:\/\/api.w.org\/{rel}","templated":true}]}}